
31
What is the greatest common factor of 5254447 and 187?
11
Calculate the highest common divisor of 7452 and 53728.
92
Calculate the greatest common divisor of 3600 and 2094900.
300
Calculate the greatest common divisor of 32670 and 147780.
90
What is the highest common factor of 51894 and 120096?
54
What is the highest common factor of 736 and 3139730?
46
What is the highest common factor of 30972 and 22990124?
356
Calculate the greatest common factor of 121 and 547596390.
121
Calculate the highest common factor of 1621660 and 29.
1
What is the greatest common factor of 8143 and 64596503?
479
What is the greatest common factor of 926810852 and 2882?
2882
What is the greatest common divisor of 875498 and 132908?
446
What is the highest common divisor of 22744 and 15744?
8
Calculate the highest common factor of 615170 and 660698.
542
Calculate the greatest common divisor of 74 and 124701914.
74
What is the highest common divisor of 140352 and 5219856?
2064
What is the greatest common factor of 100144 and 217976?
88
Calculate the greatest common factor of 2367 and 89307.
9
What is the greatest common factor of 72414 and 86049?
27
Calculate the highest common factor of 16077 and 2150823.
699
Calculate the greatest common divisor of 1874164 and 488.
244
What is the highest common factor of 14699696 and 992?
16
Calculate the highest common factor of 53370 and 7974.
18
What is the greatest common factor of 102 and 120862146?
102
Calculate the greatest common factor of 9085035 and 11163.
183
What is the greatest common factor of 54 and 5691267?
9
What is the highest common divisor of 3014576 and 17?
17
Calculate the greatest common divisor of 1769 and 114650717.
29
Calculate the highest common factor of 21484897 and 21.
7
Calculate the greatest common factor of 1098 and 6764046.
366
What is the greatest common factor of 1932 and 63420?
84
Calculate the greatest common divisor of 16 and 237505264.
16
Calculate the highest common divisor of 72 and 109948572.
36
Calculate the greatest common factor of 4581 and 23923.
509
Calculate the highest common divisor of 37751424 and 2752.
64
What is the greatest common factor of 6444969 and 3280083?
6063
What is the greatest common factor of 14162745 and 470?
235
What is the highest common divisor of 72 and 86742828?
36
Calculate the greatest common divisor of 27562 and 1726332089.
13781
What is the greatest common factor of 14239813 and 2534?
1267
What is the greatest common divisor of 4386 and 322156?
86
Calculate the highest common factor of 412 and 16297793.
103
Calculate the highest common divisor of 77864332 and 20384.
2548
What is the greatest common factor of 13327884 and 2820?
564
What is the highest common factor of 1099 and 2861325?
157
What is the highest common divisor of 5122 and 83261262?
394
Calculate the highest common factor of 11416398 and 804.
402
What is the highest common divisor of 2901254 and 8993?
17
Calculate the highest common factor of 2110572 and 186.
6
Calculate the greatest common factor of 33378565 and 132.
11
What is the highest common factor of 38399244 and 2096?
524
What is the greatest common divisor of 6187640 and 140?
20
What is the highest common divisor of 2765378 and 728?
14
What is the greatest common divisor of 2260958 and 112?
14
What is the highest common divisor of 176101 and 227168?
229
What is the greatest common divisor of 14125 and 17523475?
2825
Calculate the highest common factor of 44388 and 748.
4
Calculate the greatest common divisor of 6429493 and 651.
217
Calculate the highest common divisor of 550 and 154605.
55
Calculate the greatest common factor of 6967042 and 136.
34
What is the highest common factor of 7348 and 185532?
4
Calculate the greatest common divisor of 16576960 and 204.
4
What is the greatest common divisor of 11 and 26880557?
11
What is the greatest common factor of 49247 and 286165?
1331
Calculate the highest common divisor of 133019824 and 56.
56
Calculate the greatest common factor of 42574950 and 82720.
5170
Calculate the highest common divisor of 440772480 and 11520.
5760
Calculate the greatest common divisor of 1000 and 18091840.
40
What is the highest common factor of 20544 and 7573032?
2568
Calculate the greatest common divisor of 2609570 and 40.
10
Calculate the highest common factor of 4601 and 3231721.
107
Calculate the highest common factor of 14008385 and 148.
37
Calculate the highest common factor of 213360 and 42735.
105
Calculate the greatest common divisor of 1139801 and 26.
13
What is the greatest common factor of 541856 and 1493056?
1312
Calculate the greatest common divisor of 278884 and 2192201.
617
Calculate the greatest common factor of 6336119 and 7385.
211
Calculate the highest common factor of 2436 and 20864920.
116
What is the greatest common factor of 183925 and 29575?
175
Calculate the greatest common factor of 706062 and 2394.
42
What is the highest common divisor of 142 and 24765?
1
What is the highest common factor of 5597367 and 345441?
3057
Calculate the highest common factor of 201345 and 4994655.
6495
Calculate the greatest common factor of 6052 and 29451956.
68
Calculate the greatest common divisor of 188 and 6796811.
47
Calculate the greatest common factor of 21408 and 146734.
446
What is the greatest common divisor of 15501365 and 825?
55
What is the greatest common divisor of 39188784 and 23124?
492
Calculate the greatest common divisor of 8392650 and 8400.
1050
Calculate the highest common factor of 9306245 and 455.
65
Calculate the highest common factor of 76893 and 1833519.
1083
What is the greatest common divisor of 291164 and 585980?
332
Calculate the greatest common divisor of 53882 and 16813042.
1858
Calculate the highest common divisor of 31213 and 233142.
637
Calculate the greatest common divisor of 30867324 and 228.
228
What is the greatest common factor of 372442 and 12223?
719
Calculate the greatest common factor of 3844050 and 1272459.
1569
What is the highest common factor of 4372869 and 4503?
57
What is the greatest common divisor of 8417303 and 243791?
1861
Calculate the greatest common divisor of 218929 and 338550.
2257
What is the highest common factor of 4887046 and 1041609?
6551
What is the greatest common divisor of 215 and 4500595?
215
Calculate the highest common factor of 1199 and 126709.
11
What is the highest common divisor of 96320 and 85312?
2752
Calculate the greatest common divisor of 44302118 and 182.
14
What is the highest common factor of 1314 and 2669172?
438
What is the highest common factor of 3528 and 253647324?
1764
Calculate the highest common factor of 14025032 and 1932.
644
Calculate the greatest common divisor of 10351625 and 25.
25
Calculate the highest common divisor of 1379 and 154592598.
197
What is the greatest common divisor of 72433 and 466464?
113
Calculate the greatest common divisor of 16072193 and 789.
263
What is the greatest common divisor of 5114 and 36942?
2
Calculate the greatest common factor of 1104906 and 7128.
66
What is the greatest common factor of 163056 and 2416944?
2064
What is the greatest common factor of 5241357 and 38115?
1089
What is the highest common divisor of 60635440 and 720?
80
What is the highest common divisor of 8706427 and 21126?
503
What is the highest common factor of 13056 and 1120776?
408
Calculate the highest common divisor of 138 and 14401749.
69
Calculate the highest common factor of 3316 and 173352190.
1658
What is the greatest common divisor of 33640 and 40874920?
1160
What is the highest common factor of 6110 and 222874?
94
Calculate the highest common divisor of 259 and 250859.
7
Calculate the greatest common factor of 91 and 979769.
7
What is the highest common divisor of 80579327 and 184?
23
What is the highest common factor of 12505355 and 25?
5
What is the greatest common factor of 465750 and 2448?
18
What is the highest common divisor of 50252 and 68612?
68
What is the greatest common divisor of 1183222 and 2?
2
What is the highest common divisor of 653552 and 80?
16
Calculate the highest common divisor of 29414203 and 91.
91
Calculate the greatest common divisor of 1078 and 202089034.
98
What is the highest common divisor of 203 and 280633?
29
What is the greatest common divisor of 25047 and 30797?